[INFO] fetching crate oatie 0.3.0...
[INFO] checking oatie-0.3.0 against master#af3c6e733a40e671550e0f0f5aeecaa13772ba56 for pr-74989
[INFO] extracting crate oatie 0.3.0 into /workspace/builds/worker-7/source
[INFO] validating manifest of crates.io crate oatie 0.3.0 on toolchain af3c6e733a40e671550e0f0f5aeecaa13772ba56
[INFO] running `Command { std: "/workspace/cargo-home/bin/cargo" "+af3c6e733a40e671550e0f0f5aeecaa13772ba56" "read-manifest" "--manifest-path" "Cargo.toml", kill_on_drop: false }`
[INFO] started tweaking crates.io crate oatie 0.3.0
[INFO] finished tweaking crates.io crate oatie 0.3.0
[INFO] tweaked toml for crates.io crate oatie 0.3.0 written to /workspace/builds/worker-7/source/Cargo.toml
[INFO] running `Command { std: "/workspace/cargo-home/bin/cargo" "+af3c6e733a40e671550e0f0f5aeecaa13772ba56" "generate-lockfile" "--manifest-path" "Cargo.toml" "-Zno-index-update", kill_on_drop: false }`
[INFO] running `Command { std: "/workspace/cargo-home/bin/cargo" "+af3c6e733a40e671550e0f0f5aeecaa13772ba56" "fetch" "--locked" "--manifest-path" "Cargo.toml", kill_on_drop: false }`
[INFO] [stderr]  Downloading crates ...
[INFO] [stderr]   Downloaded ron v0.2.2
[INFO] [stderr]   Downloaded yansi v0.3.4
[INFO] [stderr]   Downloaded term-painter v0.2.4
[INFO] running `Command { std: "docker" "create" "-v" "/var/lib/crater-agent-workspace/builds/worker-7/target:/opt/rustwide/target:rw,Z" "-v" "/var/lib/crater-agent-workspace/builds/worker-7/source:/opt/rustwide/workdir:ro,Z" "-v" "/var/lib/crater-agent-workspace/cargo-home:/opt/rustwide/cargo-home:ro,Z" "-v" "/var/lib/crater-agent-workspace/rustup-home:/opt/rustwide/rustup-home:ro,Z" "-e" "SOURCE_DIR=/opt/rustwide/workdir" "-e" "CARGO_TARGET_DIR=/opt/rustwide/target" "-e" "CARGO_HOME=/opt/rustwide/cargo-home" "-e" "RUSTUP_HOME=/opt/rustwide/rustup-home" "-w" "/opt/rustwide/workdir" "-m" "1610612736" "--user" "0:0" "--network" "none" "rustops/crates-build-env@sha256:d92eaeed33fa75130ca1ee6c8a01d1ffb62bac859dfdfb3450e3e5d1c0146529" "/opt/rustwide/cargo-home/bin/cargo" "+af3c6e733a40e671550e0f0f5aeecaa13772ba56" "metadata" "--no-deps" "--format-version=1", kill_on_drop: false }`
[INFO] [stdout] bc951dfae8e11a6e1da838dcedb1278047ce611662f11b6aef29e9c4e4ed836a
[INFO] [stderr] WARNING: Your kernel does not support swap limit capabilities or the cgroup is not mounted. Memory limited without swap.
[INFO] running `Command { std: "docker" "start" "-a" "bc951dfae8e11a6e1da838dcedb1278047ce611662f11b6aef29e9c4e4ed836a", kill_on_drop: false }`
[INFO] running `Command { std: "docker" "inspect" "bc951dfae8e11a6e1da838dcedb1278047ce611662f11b6aef29e9c4e4ed836a", kill_on_drop: false }`
[INFO] running `Command { std: "docker" "rm" "-f" "bc951dfae8e11a6e1da838dcedb1278047ce611662f11b6aef29e9c4e4ed836a", kill_on_drop: false }`
[INFO] [stdout] bc951dfae8e11a6e1da838dcedb1278047ce611662f11b6aef29e9c4e4ed836a
[INFO] running `Command { std: "docker" "create" "-v" "/var/lib/crater-agent-workspace/builds/worker-7/target:/opt/rustwide/target:rw,Z" "-v" "/var/lib/crater-agent-workspace/builds/worker-7/source:/opt/rustwide/workdir:ro,Z" "-v" "/var/lib/crater-agent-workspace/cargo-home:/opt/rustwide/cargo-home:ro,Z" "-v" "/var/lib/crater-agent-workspace/rustup-home:/opt/rustwide/rustup-home:ro,Z" "-e" "SOURCE_DIR=/opt/rustwide/workdir" "-e" "CARGO_TARGET_DIR=/opt/rustwide/target" "-e" "CARGO_INCREMENTAL=0" "-e" "RUST_BACKTRACE=full" "-e" "RUSTFLAGS=--cap-lints=forbid" "-e" "CARGO_HOME=/opt/rustwide/cargo-home" "-e" "RUSTUP_HOME=/opt/rustwide/rustup-home" "-w" "/opt/rustwide/workdir" "-m" "1610612736" "--user" "0:0" "--network" "none" "rustops/crates-build-env@sha256:d92eaeed33fa75130ca1ee6c8a01d1ffb62bac859dfdfb3450e3e5d1c0146529" "/opt/rustwide/cargo-home/bin/cargo" "+af3c6e733a40e671550e0f0f5aeecaa13772ba56" "check" "--frozen" "--all" "--all-targets" "--message-format=json", kill_on_drop: false }`
[INFO] [stderr] WARNING: Your kernel does not support swap limit capabilities or the cgroup is not mounted. Memory limited without swap.
[INFO] [stdout] 1662683132a56142cd2a2e02a66f02281b6c859a2c857c58b5b0b71762cb0fd6
[INFO] running `Command { std: "docker" "start" "-a" "1662683132a56142cd2a2e02a66f02281b6c859a2c857c58b5b0b71762cb0fd6", kill_on_drop: false }`
[INFO] [stderr]    Compiling serde v1.0.116
[INFO] [stderr]    Compiling bitflags v1.2.1
[INFO] [stderr]     Checking ucd-util v0.1.8
[INFO] [stderr]     Checking utf8-ranges v1.0.4
[INFO] [stderr]     Checking term v0.4.6
[INFO] [stderr]     Checking yansi v0.3.4
[INFO] [stderr]     Checking addr2line v0.13.0
[INFO] [stderr]     Checking thread_local v0.3.6
[INFO] [stderr]     Checking log v0.4.11
[INFO] [stderr]    Compiling proc-macro2 v1.0.21
[INFO] [stderr]     Checking memchr v0.1.11
[INFO] [stderr]     Checking aho-corasick v0.6.10
[INFO] [stderr]     Checking thread-id v2.0.0
[INFO] [stderr]     Checking thread_local v0.2.7
[INFO] [stderr]     Checking aho-corasick v0.5.3
[INFO] [stderr]     Checking regex-syntax v0.5.6
[INFO] [stderr]     Checking log v0.3.9
[INFO] [stderr]     Checking backtrace v0.3.50
[INFO] [stderr]     Checking term-painter v0.2.4
[INFO] [stderr]     Checking regex v0.1.80
[INFO] [stderr]    Compiling quote v1.0.7
[INFO] [stderr]    Compiling syn v1.0.40
[INFO] [stderr]     Checking env_logger v0.3.5
[INFO] [stderr]     Checking regex v0.2.11
[INFO] [stderr]    Compiling synstructure v0.12.4
[INFO] [stderr]    Compiling serde_derive v1.0.116
[INFO] [stderr]    Compiling failure_derive v0.1.8
[INFO] [stderr]     Checking failure v0.1.8
[INFO] [stderr]     Checking ron v0.2.2
[INFO] [stderr]     Checking serde_json v1.0.57
[INFO] [stderr]     Checking oatie v0.3.0 (/opt/rustwide/workdir)
[INFO] [stdout] warning: unknown lint: `match_same_arms`
[INFO] [stdout]   --> src/schema.rs:86:13
[INFO] [stdout]    |
[INFO] [stdout] 86 |     #[allow(match_same_arms)]
[INFO] [stdout]    |             ^^^^^^^^^^^^^^^
[INFO] [stdout]    |
[INFO] [stdout]    = note: `#[warn(unknown_lints)]` on by default
[INFO] [stdout] 
[INFO] [stdout] 
[INFO] [stdout] warning: unknown lint: `match_same_arms`
[INFO] [stdout]   --> src/schema.rs:86:13
[INFO] [stdout]    |
[INFO] [stdout] 86 |     #[allow(match_same_arms)]
[INFO] [stdout]    |             ^^^^^^^^^^^^^^^
[INFO] [stdout]    |
[INFO] [stdout]    = note: `#[warn(unknown_lints)]` on by default
[INFO] [stdout] 
[INFO] [stdout] 
[INFO] [stdout] warning: unknown lint: `match_same_arms`
[INFO] [stdout]   --> src/schema.rs:99:13
[INFO] [stdout]    |
[INFO] [stdout] 99 |     #[allow(match_same_arms)]
[INFO] [stdout]    |             ^^^^^^^^^^^^^^^
[INFO] [stdout] 
[INFO] [stdout] 
[INFO] [stdout] warning: unknown lint: `match_same_arms`
[INFO] [stdout]   --> src/schema.rs:99:13
[INFO] [stdout]    |
[INFO] [stdout] 99 |     #[allow(match_same_arms)]
[INFO] [stdout]    |             ^^^^^^^^^^^^^^^
[INFO] [stdout] 
[INFO] [stdout] 
[INFO] [stdout] warning: 2 warnings emitted
[INFO] [stdout] 
[INFO] [stdout] 
[INFO] [stdout] warning: 2 warnings emitted
[INFO] [stdout] 
[INFO] [stdout] 
[INFO] [stdout] error[E0463]: can't find crate for `rand`
[INFO] [stdout]  --> tests/compose.rs:8:1
[INFO] [stdout]   |
[INFO] [stdout] 8 | extern crate rand;
[INFO] [stdout]   | ^^^^^^^^^^^^^^^^^^ can't find crate
[INFO] [stdout] 
[INFO] [stdout] 
[INFO] [stdout] error: aborting due to previous error
[INFO] [stdout] 
[INFO] [stdout] 
[INFO] [stdout] For more information about this error, try `rustc --explain E0463`.
[INFO] [stdout] 
[INFO] [stdout] error[E0463]: can't find crate for `rand`
[INFO] [stdout]  --> tests/doc.rs:7:1
[INFO] [stdout]   |
[INFO] [stdout] 7 | extern crate rand;
[INFO] [stdout]   | ^^^^^^^^^^^^^^^^^^ can't find crate
[INFO] [stdout] 
[INFO] [stdout] 
[INFO] [stdout] error: aborting due to previous error
[INFO] [stdout] 
[INFO] [stdout] 
[INFO] [stdout] For more information about this error, try `rustc --explain E0463`.
[INFO] [stdout] 
[INFO] [stderr] error: could not compile `oatie`.
[INFO] [stderr] 
[INFO] [stderr] To learn more, run the command again with --verbose.
[INFO] [stderr] warning: build failed, waiting for other jobs to finish...
[INFO] [stdout] error[E0463]: can't find crate for `rand`
[INFO] [stdout]  --> tests/monkey.rs:8:1
[INFO] [stdout]   |
[INFO] [stdout] 8 | extern crate rand;
[INFO] [stdout]   | ^^^^^^^^^^^^^^^^^^ can't find crate
[INFO] [stdout] 
[INFO] [stdout] 
[INFO] [stdout] error: aborting due to previous error
[INFO] [stdout] 
[INFO] [stdout] 
[INFO] [stdout] For more information about this error, try `rustc --explain E0463`.
[INFO] [stdout] 
[INFO] [stdout] error[E0603]: function `normalize` is private
[INFO] [stdout]   --> tests/transform.rs:12:12
[INFO] [stdout]    |
[INFO] [stdout] 12 | use oatie::normalize;
[INFO] [stdout]    |            ^^^^^^^^^ private function
[INFO] [stdout]    |
[INFO] [stdout] note: the function `normalize` is defined here
[INFO] [stdout]   --> /opt/rustwide/workdir/src/lib.rs:63:5
[INFO] [stdout]    |
[INFO] [stdout] 63 | use apply::*;
[INFO] [stdout]    |     ^^^^^^^^
[INFO] [stdout] 
[INFO] [stdout] 
[INFO] [stdout] error[E0603]: function `apply_operation` is private
[INFO] [stdout]   --> tests/transform.rs:14:12
[INFO] [stdout]    |
[INFO] [stdout] 14 | use oatie::apply_operation;
[INFO] [stdout]    |            ^^^^^^^^^^^^^^^ private function
[INFO] [stdout]    |
[INFO] [stdout] note: the function `apply_operation` is defined here
[INFO] [stdout]   --> /opt/rustwide/workdir/src/lib.rs:63:5
[INFO] [stdout]    |
[INFO] [stdout] 63 | use apply::*;
[INFO] [stdout]    |     ^^^^^^^^
[INFO] [stdout] 
[INFO] [stdout] 
[INFO] [stdout] error[E0283]: type annotations needed
[INFO] [stdout]    --> tests/transform.rs:368:9
[INFO] [stdout]     |
[INFO] [stdout] 368 |         run_transform_test(&s).unwrap();
[INFO] [stdout]     |         ^^^^^^^^^^^^^^^^^^ cannot infer type for type parameter `T` declared on the function `run_transform_test`
[INFO] [stdout]     | 
[INFO] [stdout]    ::: /opt/rustwide/workdir/src/transform_test.rs:59:30
[INFO] [stdout]     |
[INFO] [stdout] 59  | pub fn run_transform_test<T: Schema>(input: &str) -> Result<(), Error> {
[INFO] [stdout]     |                              ------ required by this bound in `run_transform_test`
[INFO] [stdout]     |
[INFO] [stdout]     = note: cannot satisfy `_: Schema`
[INFO] [stdout] help: consider specifying the type argument in the function call
[INFO] [stdout]     |
[INFO] [stdout] 368 |         run_transform_test::<T>(&s).unwrap();
[INFO] [stdout]     |                           ^^^^^
[INFO] [stdout] 
[INFO] [stdout] 
[INFO] [stdout] error: aborting due to 3 previous errors
[INFO] [stdout] 
[INFO] [stdout] 
[INFO] [stdout] Some errors have detailed explanations: E0283, E0603.
[INFO] [stdout] 
[INFO] [stdout] For more information about an error, try `rustc --explain E0283`.
[INFO] [stdout] 
[INFO] [stderr] error: build failed
[INFO] running `Command { std: "docker" "inspect" "1662683132a56142cd2a2e02a66f02281b6c859a2c857c58b5b0b71762cb0fd6", kill_on_drop: false }`
[INFO] running `Command { std: "docker" "rm" "-f" "1662683132a56142cd2a2e02a66f02281b6c859a2c857c58b5b0b71762cb0fd6", kill_on_drop: false }`
[INFO] [stdout] 1662683132a56142cd2a2e02a66f02281b6c859a2c857c58b5b0b71762cb0fd6
